{"id":77,"date":"2024-09-28T16:35:52","date_gmt":"2024-09-28T14:35:52","guid":{"rendered":"https:\/\/capoeirabrasilma.com\/?page_id=77"},"modified":"2025-09-05T16:06:38","modified_gmt":"2025-09-05T14:06:38","slug":"les-cours-a-maisons-alfort","status":"publish","type":"page","link":"https:\/\/capoeirabrasilma.com\/index.php\/les-cours-a-maisons-alfort\/","title":{"rendered":"Nos cours"},"content":{"rendered":"\t\t<div data-elementor-type=\"wp-page\" data-elementor-id=\"77\" class=\"elementor elementor-77\">\n\t\t\t\t\t\t<section class=\"elementor-section elementor-top-section elementor-element elementor-element-5629b9c elementor-section-stretched elementor-section-full_width elementor-section-height-default elementor-section-height-default\" data-id=\"5629b9c\" data-element_type=\"section\" data-settings=\"{&quot;stretch_section&quot;:&quot;section-stretched&quot;,&quot;background_background&quot;:&quot;classic&quot;}\">\n\t\t\t\t\t\t<div class=\"elementor-container elementor-column-gap-no\">\n\t\t\t\t\t<div class=\"elementor-column elementor-col-100 elementor-top-column elementor-element elementor-element-3127e68c\" data-id=\"3127e68c\" data-element_type=\"column\">\n\t\t\t<div class=\"elementor-widget-wrap elementor-element-populated\">\n\t\t\t\t\t\t<section class=\"elementor-section elementor-inner-section elementor-element elementor-element-346466c9 elementor-section-boxed elementor-section-height-default elementor-section-height-default elementor-invisible\" data-id=\"346466c9\" data-element_type=\"section\" data-settings=\"{&quot;animation&quot;:&quot;fadeIn&quot;}\">\n\t\t\t\t\t\t<div class=\"elementor-container elementor-column-gap-no\">\n\t\t\t\t\t<div class=\"elementor-column elementor-col-100 elementor-inner-column elementor-element elementor-element-6dd09dda\" data-id=\"6dd09dda\" data-element_type=\"column\">\n\t\t\t<div class=\"elementor-widget-wrap elementor-element-populated\">\n\t\t\t\t\t\t<div class=\"elementor-element elementor-element-2cb2dd83 elementor-widget__width-initial elementor-widget elementor-widget-heading\" data-id=\"2cb2dd83\" data-element_type=\"widget\" data-widget_type=\"heading.default\">\n\t\t\t\t<div class=\"elementor-widget-container\">\n\t\t\t\t\t<h2 class=\"elementor-heading-title elementor-size-default\">Nos cours<\/h2>\t\t\t\t<\/div>\n\t\t\t\t<\/div>\n\t\t\t\t\t<\/div>\n\t\t<\/div>\n\t\t\t\t\t<\/div>\n\t\t<\/section>\n\t\t\t\t\t<\/div>\n\t\t<\/div>\n\t\t\t\t\t<\/div>\n\t\t<\/section>\n\t\t<div class=\"elementor-element elementor-element-b6f9218 e-flex e-con-boxed e-con e-parent\" data-id=\"b6f9218\" data-element_type=\"container\">\n\t\t\t\t\t<div class=\"e-con-inner\">\n\t\t\t\t<div class=\"elementor-element elementor-element-cae51ad elementor-widget elementor-widget-eael-fancy-text\" data-id=\"cae51ad\" data-element_type=\"widget\" data-widget_type=\"eael-fancy-text.default\">\n\t\t\t\t<div class=\"elementor-widget-container\">\n\t\t\t\t\t\n\t<div  class=\"eael-fancy-text-container style-1\" data-fancy-text-id=\"cae51ad\" data-fancy-text=\"| Cours d&#039;essai possible toute l&#039;ann\u00e9e ! \" data-fancy-text-transition-type=\"typing\" data-fancy-text-speed=\"50\" data-fancy-text-delay=\"2500\" data-fancy-text-cursor=\"yes\" data-fancy-text-loop=\"yes\" data-fancy-text-action=\"page_load\" >\n\t\t\n\t\t\n\t\t\t\t\t<span id=\"eael-fancy-text-cae51ad\" class=\"eael-fancy-text-strings solid-color\">\n\t\t\t\t<noscript>\n\t\t\t\t\t Cours d'essai possible toute l'ann\u00e9e !\t\t\t\t<\/noscript>\n\t\t\t<\/span>\n\t\t\n\t\t\t<\/div><!-- close .eael-fancy-text-container -->\n\n\t<div class=\"clearfix\"><\/div>\n\n\t\t\t\t\t<\/div>\n\t\t\t\t<\/div>\n\t\t\t\t\t<\/div>\n\t\t\t\t<\/div>\n\t\t<div class=\"elementor-element elementor-element-5ced158 e-flex e-con-boxed e-con e-parent\" data-id=\"5ced158\" data-element_type=\"container\">\n\t\t\t\t\t<div class=\"e-con-inner\">\n\t\t\t\t<div class=\"elementor-element elementor-element-3b1e587 elementor-widget elementor-widget-image\" data-id=\"3b1e587\" data-element_type=\"widget\" data-widget_type=\"image.default\">\n\t\t\t\t<div class=\"elementor-widget-container\">\n\t\t\t\t\t\t\t\t\t\t\t\t\t\t\t<img fetchpriority=\"high\" decoding=\"async\" width=\"1024\" height=\"722\" src=\"https:\/\/capoeirabrasilma.com\/wp-content\/uploads\/2025\/09\/cours_capoeira_ma_2025_2026-1024x722.png\" class=\"attachment-large size-large wp-image-907\" alt=\"Cours de capoeira 2025-2026 \u00e0 maisons alfort\" srcset=\"https:\/\/capoeirabrasilma.com\/wp-content\/uploads\/2025\/09\/cours_capoeira_ma_2025_2026-1024x722.png 1024w, https:\/\/capoeirabrasilma.com\/wp-content\/uploads\/2025\/09\/cours_capoeira_ma_2025_2026-300x212.png 300w, https:\/\/capoeirabrasilma.com\/wp-content\/uploads\/2025\/09\/cours_capoeira_ma_2025_2026-768x542.png 768w, https:\/\/capoeirabrasilma.com\/wp-content\/uploads\/2025\/09\/cours_capoeira_ma_2025_2026.png 1052w\" sizes=\"(max-width: 1024px) 100vw, 1024px\" \/>\t\t\t\t\t\t\t\t\t\t\t\t\t\t\t<\/div>\n\t\t\t\t<\/div>\n\t\t\t\t<div class=\"elementor-element elementor-element-c274345 elementor-align-center elementor-widget elementor-widget-button\" data-id=\"c274345\" data-element_type=\"widget\" data-widget_type=\"button.default\">\n\t\t\t\t<div class=\"elementor-widget-container\">\n\t\t\t\t\t\t\t\t\t<div class=\"elementor-button-wrapper\">\n\t\t\t\t\t<a class=\"elementor-button elementor-button-link elementor-size-sm\" href=\"https:\/\/capoeirabrasilma.com\/wp-content\/uploads\/2025\/09\/Cours-capoeira-brasil-ma-2.pdf\" target=\"_blank\">\n\t\t\t\t\t\t<span class=\"elementor-button-content-wrapper\">\n\t\t\t\t\t\t<span class=\"elementor-button-icon\">\n\t\t\t\t<svg aria-hidden=\"true\" class=\"e-font-icon-svg e-far-arrow-alt-circle-down\" viewBox=\"0 0 512 512\" xmlns=\"http:\/\/www.w3.org\/2000\/svg\"><path d=\"M256 8C119 8 8 119 8 256s111 248 248 248 248-111 248-248S393 8 256 8zm0 448c-110.5 0-200-89.5-200-200S145.5 56 256 56s200 89.5 200 200-89.5 200-200 200zm-32-316v116h-67c-10.7 0-16 12.9-8.5 20.5l99 99c4.7 4.7 12.3 4.7 17 0l99-99c7.6-7.6 2.2-20.5-8.5-20.5h-67V140c0-6.6-5.4-12-12-12h-40c-6.6 0-12 5.4-12 12z\"><\/path><\/svg>\t\t\t<\/span>\n\t\t\t\t\t\t\t\t\t<span class=\"elementor-button-text\">T\u00e9l\u00e9charge le planning <\/span>\n\t\t\t\t\t<\/span>\n\t\t\t\t\t<\/a>\n\t\t\t\t<\/div>\n\t\t\t\t\t\t\t\t<\/div>\n\t\t\t\t<\/div>\n\t\t\t\t\t<\/div>\n\t\t\t\t<\/div>\n\t\t<div class=\"elementor-element elementor-element-b90eaf3 e-flex e-con-boxed e-con e-parent\" data-id=\"b90eaf3\" data-element_type=\"container\">\n\t\t\t\t\t<div class=\"e-con-inner\">\n\t\t<div class=\"elementor-element elementor-element-1ed99a5 e-con-full e-flex e-con e-child\" data-id=\"1ed99a5\" data-element_type=\"container\">\n\t\t\t\t<div class=\"elementor-element elementor-element-bc33c38 elementor-widget elementor-widget-heading\" data-id=\"bc33c38\" data-element_type=\"widget\" data-widget_type=\"heading.default\">\n\t\t\t\t<div class=\"elementor-widget-container\">\n\t\t\t\t\t<h2 class=\"elementor-heading-title elementor-size-default\">Les adresses <\/h2>\t\t\t\t<\/div>\n\t\t\t\t<\/div>\n\t\t\t\t<div class=\"elementor-element elementor-element-d5b55e3 elementor-widget elementor-widget-eael-fancy-text\" data-id=\"d5b55e3\" data-element_type=\"widget\" data-widget_type=\"eael-fancy-text.default\">\n\t\t\t\t<div class=\"elementor-widget-container\">\n\t\t\t\t\t\n\t<div  class=\"eael-fancy-text-container style-1\" data-fancy-text-id=\"d5b55e3\" data-fancy-text=\"|au temple du Ninja ou \u00e0 la Maison Pour Tous (MPT)\" data-fancy-text-transition-type=\"typing\" data-fancy-text-speed=\"50\" data-fancy-text-delay=\"2500\" data-fancy-text-cursor=\"yes\" data-fancy-text-loop=\"yes\" data-fancy-text-action=\"page_load\" >\n\t\t\t\t\t<span class=\"eael-fancy-text-prefix\">Rejoins-nous sur Maisons-Alfort <\/span>\n\t\t\n\t\t\n\t\t\t\t\t<span id=\"eael-fancy-text-d5b55e3\" class=\"eael-fancy-text-strings solid-color\">\n\t\t\t\t<noscript>\n\t\t\t\t\tau temple du Ninja ou \u00e0 la Maison Pour Tous (MPT)\t\t\t\t<\/noscript>\n\t\t\t<\/span>\n\t\t\n\t\t\t\t\t<span class=\"eael-fancy-text-suffix\">  <\/span>\n\t\t\t<\/div><!-- close .eael-fancy-text-container -->\n\n\t<div class=\"clearfix\"><\/div>\n\n\t\t\t\t\t<\/div>\n\t\t\t\t<\/div>\n\t\t\t\t<div class=\"elementor-element elementor-element-7a96f47 elementor-widget elementor-widget-heading\" data-id=\"7a96f47\" data-element_type=\"widget\" data-widget_type=\"heading.default\">\n\t\t\t\t<div class=\"elementor-widget-container\">\n\t\t\t\t\t<h2 class=\"elementor-heading-title elementor-size-default\"><a href=\"https:\/\/www.google.com\/maps\/dir\/\/12+Rue+Georges+Gaume,+94700+Maisons-Alfort\/@48.8004935,2.3582177,12z\/data=!4m8!4m7!1m0!1m5!1m1!1s0x47e6733a0bfbe6a3:0xfe4c83d9299d9126!2m2!1d2.4406181!2d48.8005229?entry=ttu&#038;g_ep=EgoyMDI0MTAyMy4wIKXMDSoASAFQAw%3D%3D\">Maison Pour Tous Pompidou (MPT) <\/a><\/h2>\t\t\t\t<\/div>\n\t\t\t\t<\/div>\n\t\t\t\t<div class=\"elementor-element elementor-element-0784502 elementor-widget elementor-widget-heading\" data-id=\"0784502\" data-element_type=\"widget\" data-widget_type=\"heading.default\">\n\t\t\t\t<div class=\"elementor-widget-container\">\n\t\t\t\t\t<h2 class=\"elementor-heading-title elementor-size-default\"><a href=\"http:\/\/www.templeduninja.com\">Temple du Ninja<\/a><\/h2>\t\t\t\t<\/div>\n\t\t\t\t<\/div>\n\t\t\t\t<\/div>\n\t\t<div class=\"elementor-element elementor-element-b7bdb24 e-con-full e-flex e-con e-child\" data-id=\"b7bdb24\" data-element_type=\"container\">\n\t\t\t\t<div class=\"elementor-element elementor-element-370a4ce elementor-widget elementor-widget-google_maps\" data-id=\"370a4ce\" data-element_type=\"widget\" data-widget_type=\"google_maps.default\">\n\t\t\t\t<div class=\"elementor-widget-container\">\n\t\t\t\t\t\t\t<div class=\"elementor-custom-embed\">\n\t\t\t<iframe loading=\"lazy\"\n\t\t\t\t\tsrc=\"https:\/\/maps.google.com\/maps?q=maison%20pour%20tous%20pompidou&#038;t=m&#038;z=12&#038;output=embed&#038;iwloc=near\"\n\t\t\t\t\ttitle=\"maison pour tous pompidou\"\n\t\t\t\t\taria-label=\"maison pour tous pompidou\"\n\t\t\t><\/iframe>\n\t\t<\/div>\n\t\t\t\t\t\t<\/div>\n\t\t\t\t<\/div>\n\t\t\t\t<\/div>\n\t\t<div class=\"elementor-element elementor-element-800f4b1 e-con-full e-flex e-con e-child\" data-id=\"800f4b1\" data-element_type=\"container\">\n\t\t\t\t<div class=\"elementor-element elementor-element-a423e4a elementor-widget elementor-widget-google_maps\" data-id=\"a423e4a\" data-element_type=\"widget\" data-widget_type=\"google_maps.default\">\n\t\t\t\t<div class=\"elementor-widget-container\">\n\t\t\t\t\t\t\t<div class=\"elementor-custom-embed\">\n\t\t\t<iframe loading=\"lazy\"\n\t\t\t\t\tsrc=\"https:\/\/maps.google.com\/maps?q=temple%20du%20Ninja&#038;t=m&#038;z=12&#038;output=embed&#038;iwloc=near\"\n\t\t\t\t\ttitle=\"temple du Ninja\"\n\t\t\t\t\taria-label=\"temple du Ninja\"\n\t\t\t><\/iframe>\n\t\t<\/div>\n\t\t\t\t\t\t<\/div>\n\t\t\t\t<\/div>\n\t\t\t\t<\/div>\n\t\t\t\t\t<\/div>\n\t\t\t\t<\/div>\n\t\t<div class=\"elementor-element elementor-element-eff9bc8 e-con-full e-flex e-con e-parent\" data-id=\"eff9bc8\" data-element_type=\"container\">\n\t\t\t\t<\/div>\n\t\t\t\t<\/div>\n\t\t","protected":false},"excerpt":{"rendered":"<p>Nos cours Cours d&rsquo;essai possible toute l&rsquo;ann\u00e9e ! T\u00e9l\u00e9charge le planning Les adresses Rejoins-nous sur Maisons-Alfort au temple du Ninja ou \u00e0 la Maison Pour Tous (MPT) Maison Pour Tous Pompidou (MPT) Temple du Ninja<\/p>\n","protected":false},"author":1,"featured_media":0,"parent":0,"menu_order":0,"comment_status":"closed","ping_status":"closed","template":"elementor_header_footer","meta":{"_eb_attr":"","footnotes":""},"class_list":["post-77","page","type-page","status-publish","hentry","entry"],"yoast_head":"<!-- This site is optimized with the Yoast SEO plugin v23.7 - https:\/\/yoast.com\/wordpress\/plugins\/seo\/ -->\n<title>Capoeira Maisons-Alfort - Nos cours<\/title>\n<meta name=\"description\" content=\"Cours de capoeira \u00e0 Maisons-Alfort, tous \u00e2ges et tous niveaux, au Temple du Ninja et \u00e0 la Maison Pour Tous Pompidou\" \/>\n<meta name=\"robots\" content=\"index, follow, max-snippet:-1, max-image-preview:large, max-video-preview:-1\" \/>\n<link rel=\"canonical\" href=\"https:\/\/capoeirabrasilma.com\/index.php\/les-cours-a-maisons-alfort\/\" \/>\n<meta property=\"og:locale\" content=\"fr_FR\" \/>\n<meta property=\"og:type\" content=\"article\" \/>\n<meta property=\"og:title\" content=\"Capoeira Maisons-Alfort - Nos cours\" \/>\n<meta property=\"og:description\" content=\"Cours de capoeira \u00e0 Maisons-Alfort, tous \u00e2ges et tous niveaux, au Temple du Ninja et \u00e0 la Maison Pour Tous Pompidou\" \/>\n<meta property=\"og:url\" content=\"https:\/\/capoeirabrasilma.com\/index.php\/les-cours-a-maisons-alfort\/\" \/>\n<meta property=\"og:site_name\" content=\"Capoeira Maisons-Alfort\" \/>\n<meta property=\"article:publisher\" content=\"https:\/\/www.facebook.com\/capoeiramaisonsalfort\" \/>\n<meta property=\"article:modified_time\" content=\"2025-09-05T14:06:38+00:00\" \/>\n<meta property=\"og:image\" content=\"https:\/\/capoeirabrasilma.com\/wp-content\/uploads\/2025\/09\/cours_capoeira_ma_2025_2026-1024x722.png\" \/>\n<meta name=\"twitter:card\" content=\"summary_large_image\" \/>\n<meta name=\"twitter:label1\" content=\"Dur\u00e9e de lecture estim\u00e9e\" \/>\n\t<meta name=\"twitter:data1\" content=\"1 minute\" \/>\n<script type=\"application\/ld+json\" class=\"yoast-schema-graph\">{\"@context\":\"https:\/\/schema.org\",\"@graph\":[{\"@type\":\"WebPage\",\"@id\":\"https:\/\/capoeirabrasilma.com\/index.php\/les-cours-a-maisons-alfort\/\",\"url\":\"https:\/\/capoeirabrasilma.com\/index.php\/les-cours-a-maisons-alfort\/\",\"name\":\"Capoeira Maisons-Alfort - Nos cours\",\"isPartOf\":{\"@id\":\"https:\/\/capoeirabrasilma.com\/#website\"},\"primaryImageOfPage\":{\"@id\":\"https:\/\/capoeirabrasilma.com\/index.php\/les-cours-a-maisons-alfort\/#primaryimage\"},\"image\":{\"@id\":\"https:\/\/capoeirabrasilma.com\/index.php\/les-cours-a-maisons-alfort\/#primaryimage\"},\"thumbnailUrl\":\"https:\/\/capoeirabrasilma.com\/wp-content\/uploads\/2025\/09\/cours_capoeira_ma_2025_2026-1024x722.png\",\"datePublished\":\"2024-09-28T14:35:52+00:00\",\"dateModified\":\"2025-09-05T14:06:38+00:00\",\"description\":\"Cours de capoeira \u00e0 Maisons-Alfort, tous \u00e2ges et tous niveaux, au Temple du Ninja et \u00e0 la Maison Pour Tous Pompidou\",\"breadcrumb\":{\"@id\":\"https:\/\/capoeirabrasilma.com\/index.php\/les-cours-a-maisons-alfort\/#breadcrumb\"},\"inLanguage\":\"fr-FR\",\"potentialAction\":[{\"@type\":\"ReadAction\",\"target\":[\"https:\/\/capoeirabrasilma.com\/index.php\/les-cours-a-maisons-alfort\/\"]}]},{\"@type\":\"ImageObject\",\"inLanguage\":\"fr-FR\",\"@id\":\"https:\/\/capoeirabrasilma.com\/index.php\/les-cours-a-maisons-alfort\/#primaryimage\",\"url\":\"https:\/\/capoeirabrasilma.com\/wp-content\/uploads\/2025\/09\/cours_capoeira_ma_2025_2026.png\",\"contentUrl\":\"https:\/\/capoeirabrasilma.com\/wp-content\/uploads\/2025\/09\/cours_capoeira_ma_2025_2026.png\",\"width\":1052,\"height\":742,\"caption\":\"planning des cours de capoeira \u00e0 maisons-alfort\"},{\"@type\":\"BreadcrumbList\",\"@id\":\"https:\/\/capoeirabrasilma.com\/index.php\/les-cours-a-maisons-alfort\/#breadcrumb\",\"itemListElement\":[{\"@type\":\"ListItem\",\"position\":1,\"name\":\"Accueil\",\"item\":\"https:\/\/capoeirabrasilma.com\/\"},{\"@type\":\"ListItem\",\"position\":2,\"name\":\"Nos cours\"}]},{\"@type\":\"WebSite\",\"@id\":\"https:\/\/capoeirabrasilma.com\/#website\",\"url\":\"https:\/\/capoeirabrasilma.com\/\",\"name\":\"Capoeira Maisons-Alfort\",\"description\":\"Capoeira Maisons-Alfort\",\"publisher\":{\"@id\":\"https:\/\/capoeirabrasilma.com\/#organization\"},\"alternateName\":\"Capoeira Maisons-Alfort\",\"potentialAction\":[{\"@type\":\"SearchAction\",\"target\":{\"@type\":\"EntryPoint\",\"urlTemplate\":\"https:\/\/capoeirabrasilma.com\/?s={search_term_string}\"},\"query-input\":{\"@type\":\"PropertyValueSpecification\",\"valueRequired\":true,\"valueName\":\"search_term_string\"}}],\"inLanguage\":\"fr-FR\"},{\"@type\":\"Organization\",\"@id\":\"https:\/\/capoeirabrasilma.com\/#organization\",\"name\":\"Capoeira Maisons-Alfort\",\"alternateName\":\"Capoeira braise maisons alfort\",\"url\":\"https:\/\/capoeirabrasilma.com\/\",\"logo\":{\"@type\":\"ImageObject\",\"inLanguage\":\"fr-FR\",\"@id\":\"https:\/\/capoeirabrasilma.com\/#\/schema\/logo\/image\/\",\"url\":\"https:\/\/capoeirabrasilma.com\/wp-content\/uploads\/2024\/10\/cropped-logo-capoeira-brasil.jpeg\",\"contentUrl\":\"https:\/\/capoeirabrasilma.com\/wp-content\/uploads\/2024\/10\/cropped-logo-capoeira-brasil.jpeg\",\"width\":1010,\"height\":1000,\"caption\":\"Capoeira Maisons-Alfort\"},\"image\":{\"@id\":\"https:\/\/capoeirabrasilma.com\/#\/schema\/logo\/image\/\"},\"sameAs\":[\"https:\/\/www.facebook.com\/capoeiramaisonsalfort\",\"https:\/\/www.instagram.com\/capoeiramaisonsalfort\/?igsh=MTk4ZHA5bDV1NXNqbA\"]}]}<\/script>\n<!-- \/ Yoast SEO plugin. -->","yoast_head_json":{"title":"Capoeira Maisons-Alfort - Nos cours","description":"Cours de capoeira \u00e0 Maisons-Alfort, tous \u00e2ges et tous niveaux, au Temple du Ninja et \u00e0 la Maison Pour Tous Pompidou","robots":{"index":"index","follow":"follow","max-snippet":"max-snippet:-1","max-image-preview":"max-image-preview:large","max-video-preview":"max-video-preview:-1"},"canonical":"https:\/\/capoeirabrasilma.com\/index.php\/les-cours-a-maisons-alfort\/","og_locale":"fr_FR","og_type":"article","og_title":"Capoeira Maisons-Alfort - Nos cours","og_description":"Cours de capoeira \u00e0 Maisons-Alfort, tous \u00e2ges et tous niveaux, au Temple du Ninja et \u00e0 la Maison Pour Tous Pompidou","og_url":"https:\/\/capoeirabrasilma.com\/index.php\/les-cours-a-maisons-alfort\/","og_site_name":"Capoeira Maisons-Alfort","article_publisher":"https:\/\/www.facebook.com\/capoeiramaisonsalfort","article_modified_time":"2025-09-05T14:06:38+00:00","og_image":[{"url":"https:\/\/capoeirabrasilma.com\/wp-content\/uploads\/2025\/09\/cours_capoeira_ma_2025_2026-1024x722.png"}],"twitter_card":"summary_large_image","twitter_misc":{"Dur\u00e9e de lecture estim\u00e9e":"1 minute"},"schema":{"@context":"https:\/\/schema.org","@graph":[{"@type":"WebPage","@id":"https:\/\/capoeirabrasilma.com\/index.php\/les-cours-a-maisons-alfort\/","url":"https:\/\/capoeirabrasilma.com\/index.php\/les-cours-a-maisons-alfort\/","name":"Capoeira Maisons-Alfort - Nos cours","isPartOf":{"@id":"https:\/\/capoeirabrasilma.com\/#website"},"primaryImageOfPage":{"@id":"https:\/\/capoeirabrasilma.com\/index.php\/les-cours-a-maisons-alfort\/#primaryimage"},"image":{"@id":"https:\/\/capoeirabrasilma.com\/index.php\/les-cours-a-maisons-alfort\/#primaryimage"},"thumbnailUrl":"https:\/\/capoeirabrasilma.com\/wp-content\/uploads\/2025\/09\/cours_capoeira_ma_2025_2026-1024x722.png","datePublished":"2024-09-28T14:35:52+00:00","dateModified":"2025-09-05T14:06:38+00:00","description":"Cours de capoeira \u00e0 Maisons-Alfort, tous \u00e2ges et tous niveaux, au Temple du Ninja et \u00e0 la Maison Pour Tous Pompidou","breadcrumb":{"@id":"https:\/\/capoeirabrasilma.com\/index.php\/les-cours-a-maisons-alfort\/#breadcrumb"},"inLanguage":"fr-FR","potentialAction":[{"@type":"ReadAction","target":["https:\/\/capoeirabrasilma.com\/index.php\/les-cours-a-maisons-alfort\/"]}]},{"@type":"ImageObject","inLanguage":"fr-FR","@id":"https:\/\/capoeirabrasilma.com\/index.php\/les-cours-a-maisons-alfort\/#primaryimage","url":"https:\/\/capoeirabrasilma.com\/wp-content\/uploads\/2025\/09\/cours_capoeira_ma_2025_2026.png","contentUrl":"https:\/\/capoeirabrasilma.com\/wp-content\/uploads\/2025\/09\/cours_capoeira_ma_2025_2026.png","width":1052,"height":742,"caption":"planning des cours de capoeira \u00e0 maisons-alfort"},{"@type":"BreadcrumbList","@id":"https:\/\/capoeirabrasilma.com\/index.php\/les-cours-a-maisons-alfort\/#breadcrumb","itemListElement":[{"@type":"ListItem","position":1,"name":"Accueil","item":"https:\/\/capoeirabrasilma.com\/"},{"@type":"ListItem","position":2,"name":"Nos cours"}]},{"@type":"WebSite","@id":"https:\/\/capoeirabrasilma.com\/#website","url":"https:\/\/capoeirabrasilma.com\/","name":"Capoeira Maisons-Alfort","description":"Capoeira Maisons-Alfort","publisher":{"@id":"https:\/\/capoeirabrasilma.com\/#organization"},"alternateName":"Capoeira Maisons-Alfort","potentialAction":[{"@type":"SearchAction","target":{"@type":"EntryPoint","urlTemplate":"https:\/\/capoeirabrasilma.com\/?s={search_term_string}"},"query-input":{"@type":"PropertyValueSpecification","valueRequired":true,"valueName":"search_term_string"}}],"inLanguage":"fr-FR"},{"@type":"Organization","@id":"https:\/\/capoeirabrasilma.com\/#organization","name":"Capoeira Maisons-Alfort","alternateName":"Capoeira braise maisons alfort","url":"https:\/\/capoeirabrasilma.com\/","logo":{"@type":"ImageObject","inLanguage":"fr-FR","@id":"https:\/\/capoeirabrasilma.com\/#\/schema\/logo\/image\/","url":"https:\/\/capoeirabrasilma.com\/wp-content\/uploads\/2024\/10\/cropped-logo-capoeira-brasil.jpeg","contentUrl":"https:\/\/capoeirabrasilma.com\/wp-content\/uploads\/2024\/10\/cropped-logo-capoeira-brasil.jpeg","width":1010,"height":1000,"caption":"Capoeira Maisons-Alfort"},"image":{"@id":"https:\/\/capoeirabrasilma.com\/#\/schema\/logo\/image\/"},"sameAs":["https:\/\/www.facebook.com\/capoeiramaisonsalfort","https:\/\/www.instagram.com\/capoeiramaisonsalfort\/?igsh=MTk4ZHA5bDV1NXNqbA"]}]}},"_links":{"self":[{"href":"https:\/\/capoeirabrasilma.com\/index.php\/wp-json\/wp\/v2\/pages\/77","targetHints":{"allow":["GET"]}}],"collection":[{"href":"https:\/\/capoeirabrasilma.com\/index.php\/wp-json\/wp\/v2\/pages"}],"about":[{"href":"https:\/\/capoeirabrasilma.com\/index.php\/wp-json\/wp\/v2\/types\/page"}],"author":[{"embeddable":true,"href":"https:\/\/capoeirabrasilma.com\/index.php\/wp-json\/wp\/v2\/users\/1"}],"replies":[{"embeddable":true,"href":"https:\/\/capoeirabrasilma.com\/index.php\/wp-json\/wp\/v2\/comments?post=77"}],"version-history":[{"count":78,"href":"https:\/\/capoeirabrasilma.com\/index.php\/wp-json\/wp\/v2\/pages\/77\/revisions"}],"predecessor-version":[{"id":910,"href":"https:\/\/capoeirabrasilma.com\/index.php\/wp-json\/wp\/v2\/pages\/77\/revisions\/910"}],"wp:attachment":[{"href":"https:\/\/capoeirabrasilma.com\/index.php\/wp-json\/wp\/v2\/media?parent=77"}],"curies":[{"name":"wp","href":"https:\/\/api.w.org\/{rel}","templated":true}]}}